 = 6*p - 9*p. What is the tens digit of p?
1
Let h = -44 + 48. Suppose -3 = 3*b, 438 - 144 = h*g + 2*b. What is the units digit of g?
4
Let s = 5219 + -3547. What is the units digit of 4/14 - s/(-28)?
0
Let q(s) = -1 + 26*s**2 - 51*s**2 + 31*s**2 + 2*s. Let x be q(-1). Suppose 5*g - 186 = -4*l, 3*l + x*g + 21 = 162. What is the tens digit of l?
4
Let r(w) = -2*w**2 + 23*w - 6. Let t be r(11). Suppose -3*d + t*n + 1024 = d, 4 = -n. What is the hundreds digit of d?
2
Let x = -145 - -523. What is the tens digit of x?
7
Suppose 3*i - 5517 = -2487. What is the tens digit of i?
1
Let s = 220 + 491. What is the units digit of s?
1
Let c(h) = -468*h - 378. What is the units digit of c(-6)?
0
What is the tens digit of 11/(3 - -8) + 1*798?
9
Let f(y) = -y + 4. Let q(a) = -2*a - 2. Let m be q(-3). Let i be f(m). Suppose 2*z - 13 - 31 = 2*v, i = 2*z - v - 44. What is the tens digit of z?
2
Suppose 72 = 4*s + 4*r, -3*s + 7*s - 69 = -5*r. What is the tens digit of s?
2
Let u(l) = 17*l + 11*l - l**2 + 4*l**2 + 19 - 22*l. What is the tens digit of u(-8)?
6
Let z(f) = 6*f**2 - 34*f - 30. What is the units digit of z(-13)?
6
Let p be (-9)/(-6) - 12/8. Suppose p = -2*d - 14 - 2. Let f = 13 + d. What is the units digit of f?
5
Suppose 19*v = 97*v - 56940. What is the units digit of v?
0
Let p(t) = -37*t + 30*t + 8 + 30*t. What is the units digit of p(2)?
4
Suppose -x + 278 = -2*z, 4*x - 3*x = 5*z + 269. Suppose -11*v + 9*v + x = 0. What is the units digit of v?
2
Let p = 2541 + -1256. What is the tens digit of p?
8
Let d(u) = -u**2 - 27*u - 76. Let i be d(-23). What is the hundreds digit of (-824)/i*(1 + -5)?
2
Let c(r) = r**3 - 7*r. Let z be c(4). Suppose -b + z + 15 = 0. What is the units digit of b?
1
Let f(l) = 3*l**3 + 226*l - 231*l - 2*l**3 - 6*l**2 + 4. What is the tens digit of f(7)?
1
Suppose 3*x = -z + 13, 4*x + x - 17 = 3*z. Suppose x*u = 6*u - 208. What is the units digit of u?
4
Let j(s) = s**2 - s. Let f be ((-4)/(-12))/(2/30). Let r be j(f). What is the tens digit of 30/r*24/1?
3
Let f = -4739 + 8505. What is the hundreds digit of f?
7
Suppose -5*s - 2*c + c = 49, 3*c + 27 = -3*s. Let y(k) = k**3 - 2*k - 15. Let w be y(0). Let h = s - w. What is the units digit of h?
5
Suppose 2*m - t - t - 910 = 0, 5*m = -4*t + 2248. What is the tens digit of (5*2/10)/(4/m)?
1
Suppose -57*p = -58*p + 792. What is the units digit of p?
2
Let r(t) = 38*t + 1 - 17*t + 0. What is the units digit of r(4)?
5
Suppose -a + 4*r + 2 = 4*a, 0 = -2*a + 4*r - 4. Suppose a*y = y. Suppose -j + y*j + 3 = 0. What is the units digit of j?
3
Let w(m) = 9*m**2 - 3*m + 32. What is the tens digit of w(4)?
6
Suppose -64*m + 53*m + 4609 = 0. What is the units digit of m?
9
Let a(t) = -5*t + 68. What is the units digit of a(13)?
3
Let f = 1753 - 1112. Let q = f - 435. What is the units digit of q?
6
Let v(o) = -5*o - 5. Suppose 5*i + 12 + 8 = 0, -c = -3*i - 8. Let n = -10 - c. What is the units digit of v(n)?
5
Let o(j) = 11*j + 2943. What is the tens digit of o(0)?
4
Suppose 1345 = 5*o + z, -2*o + 3*z + z + 560 = 0. What is the tens digit of o?
7
Let f(b) be the third derivative of b**5/60 + b**4/3 + 31*b**3/6 + 46*b**2. What is the units digit of f(-18)?
1
Suppose 5*n - 8 = -2*b, -b + 2 = -3*b. Suppose -2*q - 5*w - 18 = 0, -n*w - 6 = -3*q - 14. What is the tens digit of (11 - -5)*(-10)/q?
4
Let a(b) = b**2 + 1. Let i be a(0). Let x = i - 9. Let r(o) = -2*o + 7. What is the tens digit of r(x)?
2
Let k be (-2)/11 + (-16650)/(-99). Suppose 5*r = -k + 473. What is the units digit of r?
1
Let d(p) = 30*p**2 + 1. Let y be d(-2). Let x be 3/(-12) + y/4. Suppose -f + x = -15. What is the units digit of f?
5
Suppose -d = d + 3*g + 4, 2*g = -d - 4. Suppose -7 = -u - d. What is the units digit of (u - 4)*-1*7?
7
Let p = -13 - -13. Suppose p = 2*s - 5*s + 180. What is the tens digit of s?
6
Suppose -2*a + 332 = -3*v, -2*a + 2*v + 177 = -151. Suppose q + x = a, -2*x = 2*x. Suppose -5*p + 0*p = -q. What is the tens digit of p?
3
Suppose 5*d - 513 = 377. What is the units digit of d?
8
Let a = 6 + -7. Let p be 2/a - -2*2. Suppose -2*g + m = -p*m - 14, m - 4 = 0. What is the tens digit of g?
1
Let k be 8 + -2 - (1 - -2). Suppose 6 = k*s - w, -5*s - 2*w + 20 + 1 = 0. Let l = 9 - s. What is the units digit of l?
6
Suppose -u - 6*f + 5*f + 113 = 0, -234 = -2*u - 4*f. What is the hundreds digit of u?
1
Let x(u) be the third derivative of 41*u**4/24 - 7*u**3/3 + 26*u**2. What is the hundreds digit of x(5)?
1
Let z = 261 - -11. Suppose 6*w = 10*w - z. What is the tens digit of w?
6
Suppose q - 14040 = -17*q. What is the units digit of q?
0
Let k = 124 + -58. Let x = k - -98. What is the tens digit of x?
6
Let c(r) = -r**2 - 12*r + 124. What is the tens digit of c(6)?
1
Suppose -5*t = -9 - 36. Let w(a) = -a**2 + 9*a - 7 + 16 + 0*a**2. What is the units digit of w(t)?
9
Let n = -5 - -1. Let r = 0 - n. Suppose 5*m - 116 - r = 5*d, 0 = 2*m - 4*d - 46. What is the units digit of m?
5
Let b(d) = -58*d + 331. What is the hundreds digit of b(0)?
3
Let l(j) be the second derivative of -j**6/120 + j**4/3 + 3*j. Let g(k) be the third derivative of l(k). What is the units digit of g(-1)?
6
Let v(p) = -p**2 - 7*p - 10. Let k be v(-5). Suppose k = -9*f + 1168 - 340. What is the tens digit of f?
9
Let i = -43 + 45. Suppose -12 = -4*c, -581 = -i*a + 2*c - 21. What is the units digit of a?
3
Let t(m) = 4*m**2 - 7*m. Let a(u) = -2*u**2 - 13*u + 2. Let z be a(-7). Let k(q) = -q**3 - 4*q**2 + 6*q + 10. Let s be k(z). What is the units digit of t(s)?
5
Suppose 5807 = 2*k - 5*l, 4*k + 7*l - 6*l = 11603. What is the tens digit of k?
0
Suppose 3*m + 2*b - 29 = 0, -4*m + 4*b + 48 = 2*b. Let v(w) = -w**3 + 11*w**2 - 13. Let r be v(m). Let c = r + 25. What is the units digit of c?
2
Let r(z) be the second derivative of 0*z**2 + 2/3*z**3 + z + 0. What is the tens digit of r(4)?
1
Let a(z) = 17*z**2 + 4*z - 7. Let j be a(3). Let q = j + -107. What is the tens digit of q?
5
Let m(t) = 2*t**3 + 4*t**2 + t + 6. Let q(r) = 1. Let c(z) = -m(z) + q(z). What is the tens digit of c(-5)?
5
Suppose 0 = 2*v - v - 5*r - 122, 4*v - 425 = -r. What is the units digit of v?
7
Suppose 26 = -4*a + 122. Let o = a - 15. Let t(v) = v**2 - 8*v + 10. What is the units digit of t(o)?
9
Let m = -12 + 18. Suppose -11 = -m*k + 1. Suppose 10 = c + 3*d, k*d + 8 = 3*c - 11. What is the units digit of c?
7
Let j = -71 + 63. Let b(c) = 4*c**2 + 9*c + 14. What is the hundreds digit of b(j)?
1
Let a(g) = -g**3 - 18*g**2 + 2*g - 30. What is the hundreds digit of a(-20)?
7
Suppose -3 = -w + s + 1, -2*s - 9 = -3*w. Suppose -7 = 2*a + w. What is the units digit of (45/a)/((-2)/8)?
5
Suppose -13*x + 5*f = -3*x - 60790, -5*x = 5*f - 30380. What is the hundreds digit of x?
0
Suppose 3*q + 2*q - 5*a = -180, 2 = a. Let i = q - -48. What is the tens digit of i?
1
Let i be -48*16*(-136)/(-51). What is the tens digit of 3/9 + i/(-12)?
7
Suppose 2040 = -5*g + 10*g. Let x = 574 - g. What is the hundreds digit of x?
1
Let j(n) = -2 - 862*n + 847*n + 1. Let p = 8 - 11. What is the units digit of j(p)?
4
Let h(b) = 20*b - 13. Let i = 17 + -11. What is the hundreds digit of h(i)?
1
Let h = -1310 - -5327. What is the tens digit of h?
1
Let w(v) = v**3 + 18*v**2 + 10. Let b be 32/3*(-3)/2. Let l = -34 - b. What is the tens digit of w(l)?
1
Let g be (4 + -2)/(2/5). Suppose -84 = a - g*a. What is the units digit of a?
1
Let b(a) = 5*a**2 + 21*a - 7. What is the tens digit of b(-13)?
6
Let u = -142 - -212. What is the units digit of u?
0
Suppose -2*l - 4*b + 3368 = 2*l, 0 = l - 5*b - 872. Suppose 0 = -0*y - 7*y - l. What is the tens digit of 11/(-55) + y/(-5)?
2
Let b(v) = 7*v - v**3 + v - 4*v**2 + 7 - 2*v. Let p be b(-5). Suppose -p*s + 55 = 3*s. What is the units digit of s?
1
Let c(u) = -u**2 + 2. Let r be c(0). Let o be 10/(-25) + 12/5. Suppose r*l + 52 = 4*k, 2*k - 5*l = -o*k + 46. What is the units digit of k?
4
Suppose 4 = -4*m + 4*l, 2*m - 1 = 3*l - 8. Let y(i) = 4*i**3 + 2*i**2 - 10*i + 6. What is the tens digit of y(m)?
5
Suppose 5*g = t + 7 - 36, g + 25 = 5*t. Suppose 4*y - 2 = 2*i - 14, -33 = -t*i + 5*y. What is the units digit of i?
2
Suppose -2068*u + 2064*u + 1840 = 0. What is the hundreds digit of u?
4
Suppose 238*p + 17668 = 252*p. What is the tens digit of p?
6
Suppose 